[INFO] cloning repository https://github.com/HMPerson1/radeco-csmith-tester
[INFO] running `Command { std: "git" "-c" "credential.helper=" "-c" "credential.helper=/workspace/cargo-home/bin/git-credential-null" "clone" "--bare" "https://github.com/HMPerson1/radeco-csmith-tester" "/workspace/cache/git-repos/https%3A%2F%2Fgithub.com%2FHMPerson1%2Fradeco-csmith-tester", kill_on_drop: false }`
[INFO] [stderr] Cloning into bare repository '/workspace/cache/git-repos/https%3A%2F%2Fgithub.com%2FHMPerson1%2Fradeco-csmith-tester'...
[INFO] running `Command { std: "git" "rev-parse" "HEAD", kill_on_drop: false }`
[INFO] [stdout] be28602ebf88ce153300dab6745b53d44b9658ad
[INFO] checking HMPerson1/radeco-csmith-tester against master#9610dfe5a9a731ced1ea4923ecbd0c57fe367898 for beta-170-4
[INFO] running `Command { std: "git" "clone" "/workspace/cache/git-repos/https%3A%2F%2Fgithub.com%2FHMPerson1%2Fradeco-csmith-tester" "/workspace/builds/worker-2-tc1/source", kill_on_drop: false }`
[INFO] [stderr] Cloning into '/workspace/builds/worker-2-tc1/source'...
[INFO] [stderr] done.
[INFO] validating manifest of git repo https://github.com/HMPerson1/radeco-csmith-tester on toolchain 9610dfe5a9a731ced1ea4923ecbd0c57fe367898
[INFO] running `Command { std: CARGO_HOME="/workspace/cargo-home" RUSTUP_HOME="/workspace/rustup-home" "/workspace/cargo-home/bin/cargo" "+9610dfe5a9a731ced1ea4923ecbd0c57fe367898" "metadata" "--manifest-path" "Cargo.toml" "--no-deps", kill_on_drop: false }`
[INFO] started tweaking git repo https://github.com/HMPerson1/radeco-csmith-tester
[INFO] finished tweaking git repo https://github.com/HMPerson1/radeco-csmith-tester
[INFO] tweaked toml for git repo https://github.com/HMPerson1/radeco-csmith-tester written to /workspace/builds/worker-2-tc1/source/Cargo.toml
[INFO] crate git repo https://github.com/HMPerson1/radeco-csmith-tester already has a lockfile, it will not be regenerated
[INFO] running `Command { std: CARGO_HOME="/workspace/cargo-home" RUSTUP_HOME="/workspace/rustup-home" "/workspace/cargo-home/bin/cargo" "+9610dfe5a9a731ced1ea4923ecbd0c57fe367898" "fetch" "--manifest-path" "Cargo.toml", kill_on_drop: false }`
[INFO] [stderr]     Updating git repository `https://github.com/killercup/quicli`
[INFO] [stderr]     Updating git repository `https://github.com/radare/radeco-lib`
[INFO] [stderr]     Updating git repository `https://github.com/sushant94/capstone-rust`
[INFO] [stderr]     Updating git repository `https://github.com/radare/esil-rs`
[INFO] [stderr]     Updating git repository `https://github.com/radare/radare2-r2pipe-api`
[INFO] [stderr]     Updating git repository `https://github.com/radare/r2pipe.rs`
[INFO] [stderr]     Updating crates.io index
[INFO] [stderr]  Downloading crates ...
[INFO] [stderr]   Downloaded proc-macro2 v0.3.8
[INFO] [stderr]   Downloaded petgraph v0.4.12
[INFO] [stderr]   Downloaded regex v1.0.0
[INFO] [stderr]   Downloaded regex-syntax v0.6.0
[INFO] [stderr]   Downloaded aster v0.41.0
[INFO] [stderr]   Downloaded cc v1.0.15
[INFO] [stderr]   Downloaded docopt v1.0.0
[INFO] [stderr]   Downloaded syn v0.13.10
[INFO] [stderr]   Downloaded env_logger v0.5.10
[INFO] [stderr]   Downloaded backtrace v0.3.7
[INFO] [stderr]   Downloaded clang-sys v0.19.0
[INFO] [stderr]   Downloaded bindgen v0.30.0
[INFO] [stderr]   Downloaded lalrpop-intern v0.14.0
[INFO] [stderr]   Downloaded lalrpop v0.14.0
[INFO] [stderr]   Downloaded clap v2.31.2
[INFO] [stderr]   Downloaded atty v0.2.10
[INFO] [stderr]   Downloaded quasi v0.32.0
[INFO] [stderr]   Downloaded quasi_codegen v0.32.0
[INFO] [stderr]   Downloaded syntex_errors v0.58.1
[INFO] [stderr]   Downloaded ascii-canvas v1.0.0
[INFO] [stderr]   Downloaded atty v0.1.2
[INFO] [stderr]   Downloaded diff v0.1.11
[INFO] [stderr]   Downloaded ena v0.5.0
[INFO] [stderr]   Downloaded regex-syntax v0.4.2
[INFO] [stderr]   Downloaded serde_derive v1.0.55
[INFO] [stderr]   Downloaded serde v1.0.55
[INFO] [stderr]   Downloaded serde_json v1.0.17
[INFO] [stderr]   Downloaded rustc-demangle v0.1.8
[INFO] [stderr]   Downloaded structopt v0.2.8
[INFO] [stderr]   Downloaded structopt-derive v0.2.8
[INFO] [stderr]   Downloaded syntex v0.58.1
[INFO] [stderr]   Downloaded syntex_pos v0.58.1
[INFO] [stderr]   Downloaded syntex_syntax v0.58.1
[INFO] [stderr]   Downloaded docopt v0.7.0
[INFO] [stderr]   Downloaded lalrpop-util v0.14.0
[INFO] [stderr]   Downloaded lalrpop-snap v0.14.0
[INFO] running `Command { std: "docker" "create" "-v" "/var/lib/crater-agent-workspace/builds/worker-2-tc1/target:/opt/rustwide/target:rw,Z" "-v" "/var/lib/crater-agent-workspace/builds/worker-2-tc1/source:/opt/rustwide/workdir:ro,Z" "-v" "/var/lib/crater-agent-workspace/cargo-home:/opt/rustwide/cargo-home:ro,Z" "-v" "/var/lib/crater-agent-workspace/rustup-home:/opt/rustwide/rustup-home:ro,Z" "-e" "SOURCE_DIR=/opt/rustwide/workdir" "-e" "CARGO_TARGET_DIR=/opt/rustwide/target" "-e" "CARGO_HOME=/opt/rustwide/cargo-home" "-e" "RUSTUP_HOME=/opt/rustwide/rustup-home" "-w" "/opt/rustwide/workdir" "-m" "1610612736" "--user" "0:0" "--network" "none" "ghcr.io/rust-lang/crates-build-env/linux@sha256:19e73879b68f455e41552ea35293514db52ea292d993f571636dbffedb77a1ee" "/opt/rustwide/cargo-home/bin/cargo" "+9610dfe5a9a731ced1ea4923ecbd0c57fe367898" "metadata" "--no-deps" "--format-version=1", kill_on_drop: false }`
[INFO] [stdout] d91fb473e34670130a2bbd3f763d0c381f12ea042915605d27f4c4f296e3bbc9
[INFO] running `Command { std: "docker" "start" "-a" "d91fb473e34670130a2bbd3f763d0c381f12ea042915605d27f4c4f296e3bbc9", kill_on_drop: false }`
[INFO] running `Command { std: "docker" "inspect" "d91fb473e34670130a2bbd3f763d0c381f12ea042915605d27f4c4f296e3bbc9", kill_on_drop: false }`
[INFO] running `Command { std: "docker" "rm" "-f" "d91fb473e34670130a2bbd3f763d0c381f12ea042915605d27f4c4f296e3bbc9", kill_on_drop: false }`
[INFO] [stdout] d91fb473e34670130a2bbd3f763d0c381f12ea042915605d27f4c4f296e3bbc9
[INFO] running `Command { std: "docker" "create" "-v" "/var/lib/crater-agent-workspace/builds/worker-2-tc1/target:/opt/rustwide/target:rw,Z" "-v" "/var/lib/crater-agent-workspace/builds/worker-2-tc1/source:/opt/rustwide/workdir:ro,Z" "-v" "/var/lib/crater-agent-workspace/cargo-home:/opt/rustwide/cargo-home:ro,Z" "-v" "/var/lib/crater-agent-workspace/rustup-home:/opt/rustwide/rustup-home:ro,Z" "-e" "SOURCE_DIR=/opt/rustwide/workdir" "-e" "CARGO_TARGET_DIR=/opt/rustwide/target" "-e" "CARGO_INCREMENTAL=0" "-e" "RUST_BACKTRACE=full" "-e" "RUSTFLAGS=--cap-lints=forbid" "-e" "RUSTDOCFLAGS=--cap-lints=forbid" "-e" "CARGO_HOME=/opt/rustwide/cargo-home" "-e" "RUSTUP_HOME=/opt/rustwide/rustup-home" "-w" "/opt/rustwide/workdir" "-m" "1610612736" "--user" "0:0" "--network" "none" "ghcr.io/rust-lang/crates-build-env/linux@sha256:19e73879b68f455e41552ea35293514db52ea292d993f571636dbffedb77a1ee" "/opt/rustwide/cargo-home/bin/cargo" "+9610dfe5a9a731ced1ea4923ecbd0c57fe367898" "check" "--frozen" "--all" "--all-targets" "--message-format=json", kill_on_drop: false }`
[INFO] [stdout] 118743dda09ef8d32f23ce988d1af58c5b867fa1620955d87f458020a0bf7d2e
[INFO] running `Command { std: "docker" "start" "-a" "118743dda09ef8d32f23ce988d1af58c5b867fa1620955d87f458020a0bf7d2e", kill_on_drop: false }`
[INFO] [stderr]    Compiling libc v0.2.40
[INFO] [stderr]    Compiling unicode-xid v0.0.4
[INFO] [stderr]    Compiling lazy_static v1.0.0
[INFO] [stderr]    Compiling regex v0.2.11
[INFO] [stderr]    Compiling void v1.0.2
[INFO] [stderr]    Compiling cfg-if v0.1.3
[INFO] [stderr]    Compiling ucd-util v0.1.1
[INFO] [stderr]    Compiling utf8-ranges v1.0.0
[INFO] [stderr]    Compiling bitflags v0.8.2
[INFO] [stderr]    Compiling lazy_static v0.2.11
[INFO] [stderr]    Compiling syntex_pos v0.58.1
[INFO] [stderr]    Compiling proc-macro2 v0.3.8
[INFO] [stderr]    Compiling kernel32-sys v0.2.2
[INFO] [stderr]    Compiling num-traits v0.2.4
[INFO] [stderr]    Compiling unreachable v1.0.0
[INFO] [stderr]    Compiling log v0.4.1
[INFO] [stderr]    Compiling winapi v0.2.8
[INFO] [stderr]     Checking nodrop v0.1.12
[INFO] [stderr]    Compiling strsim v0.6.0
[INFO] [stderr]    Compiling ordermap v0.3.5
[INFO] [stderr]    Compiling regex-syntax v0.5.6
[INFO] [stderr]    Compiling thread_local v0.3.5
[INFO] [stderr]    Compiling fixedbitset v0.1.9
[INFO] [stderr]    Compiling libloading v0.4.3
[INFO] [stderr]    Compiling either v1.5.0
[INFO] [stderr]    Compiling log v0.3.9
[INFO] [stderr]    Compiling bit-vec v0.4.4
[INFO] [stderr]    Compiling itertools v0.5.10
[INFO] [stderr]    Compiling clang-sys v0.19.0
[INFO] [stderr]    Compiling memchr v2.0.1
[INFO] [stderr]    Compiling syntex_errors v0.58.1
[INFO] [stderr]    Compiling quote v0.5.2
[INFO] [stderr]     Checking rand v0.4.2
[INFO] [stderr]    Compiling petgraph v0.4.12
[INFO] [stderr]    Compiling bit-set v0.4.0
[INFO] [stderr]    Compiling aho-corasick v0.6.4
[INFO] [stderr]    Compiling memchr v1.0.2
[INFO] [stderr]    Compiling atty v0.1.2
[INFO] [stderr]    Compiling syn v0.13.10
[INFO] [stderr]     Checking arrayvec v0.4.7
[INFO] [stderr]     Checking crossbeam-utils v0.2.2
[INFO] [stderr]    Compiling ascii-canvas v1.0.0
[INFO] [stderr]    Compiling ena v0.5.0
[INFO] [stderr]    Compiling lalrpop-util v0.14.0
[INFO] [stderr]    Compiling num-integer v0.1.38
[INFO] [stderr]    Compiling lalrpop-intern v0.14.0
[INFO] [stderr]    Compiling diff v0.1.11
[INFO] [stderr]    Compiling unicode-width v0.1.4
[INFO] [stderr]    Compiling regex-syntax v0.4.2
[INFO] [stderr]    Compiling textwrap v0.9.0
[INFO] [stderr]     Checking crossbeam-epoch v0.3.1
[INFO] [stderr]    Compiling syntex_syntax v0.58.1
[INFO] [stderr]    Compiling nom v3.2.1
[INFO] [stderr]    Compiling atty v0.2.10
[INFO] [stderr]    Compiling rayon-core v1.4.0
[INFO] [stderr]    Compiling bitflags v0.9.1
[INFO] [stderr]    Compiling strsim v0.7.0
[INFO] [stderr]    Compiling cc v1.0.15
[INFO] [stderr]    Compiling bitflags v1.0.3
[INFO] [stdout] error[E0034]: multiple applicable items in scope
[INFO] [stdout]     --> /opt/rustwide/cargo-home/registry/src/index.crates.io-6f17d22bba15001f/petgraph-0.4.12/src/graph_impl/stable_graph/mod.rs:1171:19
[INFO] [stdout]      |
[INFO] [stdout] 1171 |         self.iter.find_map(|(i, node)| {
[INFO] [stdout]      |                   ^^^^^^^^ multiple `find_map` found
[INFO] [stdout]      |
[INFO] [stdout] note: candidate #1 is defined in an impl of the trait `IterUtilsExt` for the type `I`
[INFO] [stdout]     --> /opt/rustwide/cargo-home/registry/src/index.crates.io-6f17d22bba15001f/petgraph-0.4.12/src/iter_utils.rs:5:5
[INFO] [stdout]      |
[INFO] [stdout] 5    | /     fn find_map<F, R>(&mut self, mut f: F) -> Option<R>
[INFO] [stdout] 6    | |         where F: FnMut(Self::Item) -> Option<R>
[INFO] [stdout]      | |_______________________________________________^
[INFO] [stdout]      = note: candidate #2 is defined in an impl of the trait `Iterator` for the type `Enumerate<I>`
[INFO] [stdout] help: disambiguate the method for candidate #1
[INFO] [stdout]      |
[INFO] [stdout] 1171 ~         IterUtilsExt::find_map(&mut self.iter, |(i, node)| {
[INFO] [stdout] 1172 +             node.weight.as_ref().map(move |w| (node_index(i), w))
[INFO] [stdout] 1173 +         })
[INFO] [stdout]      |
[INFO] [stdout] help: disambiguate the method for candidate #2
[INFO] [stdout]      |
[INFO] [stdout] 1171 ~         Iterator::find_map(&mut self.iter, |(i, node)| {
[INFO] [stdout] 1172 +             node.weight.as_ref().map(move |w| (node_index(i), w))
[INFO] [stdout] 1173 +         })
[INFO] [stdout]      |
[INFO] [stdout] 
[INFO] [stdout] 
[INFO] [stderr]    Compiling regex v1.0.0
[INFO] [stdout] error[E0034]: multiple applicable items in scope
[INFO] [stdout]     --> /opt/rustwide/cargo-home/registry/src/index.crates.io-6f17d22bba15001f/petgraph-0.4.12/src/graph_impl/stable_graph/mod.rs:1363:19
[INFO] [stdout]      |
[INFO] [stdout] 1363 |         self.iter.find_map(|(i, edge)|
[INFO] [stdout]      |                   ^^^^^^^^ multiple `find_map` found
[INFO] [stdout]      |
[INFO] [stdout] note: candidate #1 is defined in an impl of the trait `IterUtilsExt` for the type `I`
[INFO] [stdout]     --> /opt/rustwide/cargo-home/registry/src/index.crates.io-6f17d22bba15001f/petgraph-0.4.12/src/iter_utils.rs:5:5
[INFO] [stdout]      |
[INFO] [stdout] 5    | /     fn find_map<F, R>(&mut self, mut f: F) -> Option<R>
[INFO] [stdout] 6    | |         where F: FnMut(Self::Item) -> Option<R>
[INFO] [stdout]      | |_______________________________________________^
[INFO] [stdout]      = note: candidate #2 is defined in an impl of the trait `Iterator` for the type `Enumerate<I>`
[INFO] [stdout] help: disambiguate the method for candidate #1
[INFO] [stdout]      |
[INFO] [stdout] 1363 ~         IterUtilsExt::find_map(&mut self.iter, |(i, edge)|
[INFO] [stdout] 1364 +             edge.weight.as_ref().map(move |weight| {
[INFO] [stdout] 1365 +                 EdgeReference {
[INFO] [stdout] 1366 +                     index: edge_index(i),
[INFO] [stdout] 1367 +                     node: edge.node,
[INFO] [stdout] 1368 +                     weight: weight,
[INFO] [stdout] 1369 +                 }
[INFO] [stdout] 1370 +             }))
[INFO] [stdout]      |
[INFO] [stdout] help: disambiguate the method for candidate #2
[INFO] [stdout]      |
[INFO] [stdout] 1363 ~         Iterator::find_map(&mut self.iter, |(i, edge)|
[INFO] [stdout] 1364 +             edge.weight.as_ref().map(move |weight| {
[INFO] [stdout] 1365 +                 EdgeReference {
[INFO] [stdout] 1366 +                     index: edge_index(i),
[INFO] [stdout] 1367 +                     node: edge.node,
[INFO] [stdout] 1368 +                     weight: weight,
[INFO] [stdout] 1369 +                 }
[INFO] [stdout] 1370 +             }))
[INFO] [stdout]      |
[INFO] [stdout] 
[INFO] [stdout] 
[INFO] [stdout] error[E0034]: multiple applicable items in scope
[INFO] [stdout]     --> /opt/rustwide/cargo-home/registry/src/index.crates.io-6f17d22bba15001f/petgraph-0.4.12/src/graph_impl/stable_graph/mod.rs:1527:19
[INFO] [stdout]      |
[INFO] [stdout] 1527 |         self.iter.find_map(|(i, node)| {
[INFO] [stdout]      |                   ^^^^^^^^ multiple `find_map` found
[INFO] [stdout]      |
[INFO] [stdout] note: candidate #1 is defined in an impl of the trait `IterUtilsExt` for the type `I`
[INFO] [stdout]     --> /opt/rustwide/cargo-home/registry/src/index.crates.io-6f17d22bba15001f/petgraph-0.4.12/src/iter_utils.rs:5:5
[INFO] [stdout]      |
[INFO] [stdout] 5    | /     fn find_map<F, R>(&mut self, mut f: F) -> Option<R>
[INFO] [stdout] 6    | |         where F: FnMut(Self::Item) -> Option<R>
[INFO] [stdout]      | |_______________________________________________^
[INFO] [stdout]      = note: candidate #2 is defined in an impl of the trait `Iterator` for the type `Enumerate<I>`
[INFO] [stdout] help: disambiguate the method for candidate #1
[INFO] [stdout]      |
[INFO] [stdout] 1527 ~         IterUtilsExt::find_map(&mut self.iter, |(i, node)| {
[INFO] [stdout] 1528 +             if node.weight.is_some() {
[INFO] [stdout] 1529 +                 Some(node_index(i))
[INFO] [stdout] 1530 +             } else { None }
[INFO] [stdout] 1531 +         })
[INFO] [stdout]      |
[INFO] [stdout] help: disambiguate the method for candidate #2
[INFO] [stdout]      |
[INFO] [stdout] 1527 ~         Iterator::find_map(&mut self.iter, |(i, node)| {
[INFO] [stdout] 1528 +             if node.weight.is_some() {
[INFO] [stdout] 1529 +                 Some(node_index(i))
[INFO] [stdout] 1530 +             } else { None }
[INFO] [stdout] 1531 +         })
[INFO] [stdout]      |
[INFO] [stdout] 
[INFO] [stdout] 
[INFO] [stdout] error[E0034]: multiple applicable items in scope
[INFO] [stdout]     --> /opt/rustwide/cargo-home/registry/src/index.crates.io-6f17d22bba15001f/petgraph-0.4.12/src/graph_impl/stable_graph/mod.rs:1573:19
[INFO] [stdout]      |
[INFO] [stdout] 1573 |         self.iter.find_map(|(i, node)| {
[INFO] [stdout]      |                   ^^^^^^^^ multiple `find_map` found
[INFO] [stdout]      |
[INFO] [stdout] note: candidate #1 is defined in an impl of the trait `IterUtilsExt` for the type `I`
[INFO] [stdout]     --> /opt/rustwide/cargo-home/registry/src/index.crates.io-6f17d22bba15001f/petgraph-0.4.12/src/iter_utils.rs:5:5
[INFO] [stdout]      |
[INFO] [stdout] 5    | /     fn find_map<F, R>(&mut self, mut f: F) -> Option<R>
[INFO] [stdout] 6    | |         where F: FnMut(Self::Item) -> Option<R>
[INFO] [stdout]      | |_______________________________________________^
[INFO] [stdout]      = note: candidate #2 is defined in an impl of the trait `Iterator` for the type `Enumerate<I>`
[INFO] [stdout] help: disambiguate the method for candidate #1
[INFO] [stdout]      |
[INFO] [stdout] 1573 ~         IterUtilsExt::find_map(&mut self.iter, |(i, node)| {
[INFO] [stdout] 1574 +             if node.weight.is_some() {
[INFO] [stdout] 1575 +                 Some(edge_index(i))
[INFO] [stdout] 1576 +             } else { None }
[INFO] [stdout] 1577 +         })
[INFO] [stdout]      |
[INFO] [stdout] help: disambiguate the method for candidate #2
[INFO] [stdout]      |
[INFO] [stdout] 1573 ~         Iterator::find_map(&mut self.iter, |(i, node)| {
[INFO] [stdout] 1574 +             if node.weight.is_some() {
[INFO] [stdout] 1575 +                 Some(edge_index(i))
[INFO] [stdout] 1576 +             } else { None }
[INFO] [stdout] 1577 +         })
[INFO] [stdout]      |
[INFO] [stdout] 
[INFO] [stdout] 
[INFO] [stderr]     Checking serde v1.0.55
[INFO] [stderr]     Checking crossbeam-deque v0.2.0
[INFO] [stderr]     Checking num_cpus v1.8.0
[INFO] [stdout] error: aborting due to 4 previous errors
[INFO] [stdout] 
[INFO] [stdout] 
[INFO] [stdout] For more information about this error, try `rustc --explain E0034`.
[INFO] [stdout] 
[INFO] [stderr] error: could not compile `petgraph` (lib) due to 5 previous errors
[INFO] [stderr] warning: build failed, waiting for other jobs to finish...
[INFO] [stdout] error[E0423]: expected function, tuple struct or tuple variant, found struct `ast::Name`
[INFO] [stdout]    --> /opt/rustwide/cargo-home/registry/src/index.crates.io-6f17d22bba15001f/syntex_syntax-0.58.1/src/symbol.rs:146:27
[INFO] [stdout]     |
[INFO] [stdout] 146 |                       name: ast::Name($index),
[INFO] [stdout]     |                             ^^^^^^^^^
[INFO] [stdout] ...
[INFO] [stdout] 165 | / declare_keywords! {
[INFO] [stdout] 166 | |     // Invalid identifier
[INFO] [stdout] 167 | |     (0,  Invalid,        "")
[INFO] [stdout] 168 | |
[INFO] [stdout] ...   |
[INFO] [stdout] 231 | |     (56, CrateRoot, "{{root}}")
[INFO] [stdout] 232 | | }
[INFO] [stdout]     | |_- in this macro invocation
[INFO] [stdout]     |
[INFO] [stdout]     = note: this error originates in the macro `declare_keywords` (in Nightly builds, run with -Z macro-backtrace for more info)
[INFO] [stdout] 
[INFO] [stdout] 
[INFO] [stdout] error: aborting due to previous error
[INFO] [stdout] 
[INFO] [stdout] 
[INFO] [stdout] For more information about this error, try `rustc --explain E0423`.
[INFO] [stdout] 
[INFO] [stderr] error: could not compile `syntex_syntax` (lib) due to 2 previous errors
[INFO] running `Command { std: "docker" "inspect" "118743dda09ef8d32f23ce988d1af58c5b867fa1620955d87f458020a0bf7d2e", kill_on_drop: false }`
[INFO] running `Command { std: "docker" "rm" "-f" "118743dda09ef8d32f23ce988d1af58c5b867fa1620955d87f458020a0bf7d2e", kill_on_drop: false }`
[INFO] [stdout] 118743dda09ef8d32f23ce988d1af58c5b867fa1620955d87f458020a0bf7d2e
